Calculate y(c).
7
Let b(p) = -p**3 + 12*p**2 + 6*p - 33. Let w(z) = -z**3 + 11*z**2 + 8*z - 27. Let h(v) = 2*b(v) - 3*w(v). Determine h(10).
-5
Let h = -9 + 14. Suppose -5*u + 14 = z, u = -h*z - 4 + 2. Let b(c) be the second derivative of -c**5/20 + c**3/3 + c**2/2 - 2*c - 10. Give b(z).
0
Let u(i) be the second derivative of i**6/360 - 11*i**5/120 + i**4/24 + 14*i**3/3 - i**2/2 + 51*i. Let z(g) be the second derivative of u(g). Determine z(11).
1
Let a(i) = 8 - 2*i - i + 2*i. Suppose 368*x - 324 + 4004 = 0. Calculate a(x).
18
Let t(v) = v**3 - 14*v**2 + 11*v - 8. Let a be 4 - (242/(-11) + 12). Determine t(a).
146
Let d = 386 - 368. Let o(x) = -d + 6 - 3 - x**2 + 12 + 7. What is o(-4)?
-12
Let b(w) = 20*w - 2 + 19*w - 64*w + 4*w**2 + 0*w**2. Give b(8).
54
Suppose 101 - 47 = 9*w. Let h be 4/w + ((-512)/(-24))/16. Let a(s) = -s**2 + 2*s - 3. What is a(h)?
-3
Let h = 2 - 2. Let y = -359 - -356. Let v(l) = -12*l**3 - 2*l**2 + 2*l + 6. Let x(j) = -7*j**3 - j**2 + j + 3. Let p(d) = y*v(d) + 5*x(d). What is p(h)?
-3
Let n(q) = 2*q**2 - 27*q - 144. Let h be n(-6). Let p be 4/(-2)*h/45. Let t(x) = -5*x - 6. What is t(p)?
14
Let n(w) = -14030*w + 14019*w - 2*w**2 - 809 + 797. Calculate n(-1).
-3
Suppose 2*r = 7*h - 4*h - 38, h = -2*r - 30. Let n(z) = z**3 + 17*z**2 + 13*z - 29. Calculate n(r).
19
Suppose 3*m + 3*w = -0*w - 30, m = 5*w + 2. Let f be (-6)/m*(-56)/(-21). Let v(o) = -6*o**2 + 14*o**f - 13*o**2 - 5 - o**3 + 6*o. Calculate v(-6).
-5
Let c(x) be the first derivative of x**4/4 + x**3 - 5*x**2 - 27*x + 3343. What is c(-4)?
-3
Suppose -l = -4, 12*l = -2*y + 17*l - 20. Suppose -2*x = -y*i - i + 6, x + 5*i + 3 = 0. Let t(r) = 2*r**3 + 4*r**2 + 3*r. Calculate t(x).
-27
Let s(m) = -2*m - 4. Let p be s(-5). Suppose 0 = -z - x + p - 1, -x - 1 = 0. Let l(t) = -z*t**2 - t**3 - 7 + 6*t + 22 - 6 - 7. What is l(-7)?
9
Let a(x) = x**3 + 4*x**2 - 6*x - 2. Let p be a(-5). Let h(c) = 1009 + 198*c**2 + c - 201*c**2 - 1012. Determine h(p).
-27
Suppose -24 = -f + t + 4*t, -3*f = 3*t. Suppose 2*p + 16 = -f. Let a(l) = -l**2 - 10*l - 3. What is a(p)?
-3
Let t(q) be the third derivative of -19*q**6/120 - q**3/6 - 442*q**2. Let j = 55 - 56. Give t(j).
18
Let s be 6/(-5)*50/(-15). Suppose -4*p = 3*o - 31, -o - 3 = -p + 3. Let k = s - p. Let w(n) = n**2 + 2*n + 2. Calculate w(k).
5
Let n(z) = -z - 4. Suppose -5*m + 15 = -3*h, -2*h - 4 = -3*m + 4. Suppose -m*r + 90 = -24*r. Calculate n(r).
1
Let o(j) = -14*j**2 + 15*j - 25. Let d(u) = -40*u**2 + 42*u - 76. Let f(y) = 5*d(y) - 14*o(y). Give f(-6).
-174
Let w(o) = -o - 1. Let t(n) be the first derivative of n**4/4 - 35*n**3/3 + 18*n**2 - 64*n + 27. Let c be t(34). What is w(c)?
-5
Let o(i) = 4*i**3 - 4*i**2 + 4*i - 2. Let x be (-6)/(18/(-75)) + -8 + 4. Let v be -6*((-49)/x)/7. Determine o(v).
22
Let q(x) = 14*x**2 + x. Suppose 5*m - 7 = a + m, 0 = 4*a + 2*m + 10. Let s be -2*((-4)/2 - a). Let y be (s*(-2)/(-12))/((-1)/3). Calculate q(y).
15
Let y be (-246)/30 - 1/5*-1. Let x(m) = -2*m - 4 - 4 - 3. Determine x(y).
5
Let x(a) = a - 14. Let y(k) = 5. Let i(w) = -2*x(w) - 7*y(w). Suppose -6 = -4*z + 4*c - 34, 6*z = -4*c - 32. What is i(z)?
5
Let v(c) = 47*c**3 - c**2 + 1. Suppose 0 = 95*a - 20*a - 75. Determine v(a).
47
Let y(l) = 552*l - 2213. Let v be y(4). Let q(j) = -j**3 - 8*j**2 - 3*j - 8. Determine q(v).
-68
Let n = -414 + 417. Let i(b) = -11*b**2 - 33*b + 36*b + 0*b**3 + b**n + 6*b**2. Let m be 1/3*(15 - 0). Give i(m).
15
Let g(w) be the first derivative of -w**6/180 - w**5/120 + w**4/8 + 24*w**3 - 117. Let k(x) be the third derivative of g(x). What is k(-3)?
-12
Let b(f) = 2*f**3 - f**2 - 2*f - 1. Let r(t) = 25*t**3 - 10*t**2 - 16*t - 11. Let x(j) = -9*b(j) + r(j). Determine x(1).
6
Let d(n) = -n**3 + 4*n**2 + 2*n - 13. Let y be (9 + -10)/(2 - (-35)/(-14)). Give d(y).
-1
Let i(d) = 1874*d**2 + 5 + d**3 - 1868*d**2 + 7*d - 1 + 0. Let l = -16 - -11. Determine i(l).
-6
Let v(y) = 9*y**2 + 13*y + 33. Let q(f) = -70*f**2 - 105*f - 265. Let c(o) = 4*q(o) + 31*v(o). Calculate c(-13).
15
Suppose -4*x - z + 11 = 0, 3*x + 5*z - 9 = 4*z. Suppose -j + q = -22, 0 = 4*j + 5*q - 135 + 38. Let b(o) = j - o**2 + x*o - 12 - 9. Calculate b(4).
-6
Suppose 5*x + 13 = -32. Let c be (-336)/756 + 59/x. Let y(q) = -q**3 - 8*q**2 - 5*q + 10. What is y(c)?
-4
Suppose 3*n - u = 9, 7*n - 2*n = 4*u + 22. Let h(r) = 3 - 2*r**3 + 2481*r + 5*r**3 - r**2 - 8*r**3 + 2*r**3 - 2484*r. Determine h(n).
-31
Let f(i) = -i + 5. Let h(n) = -36*n - 176. Let u be h(-5). Suppose -3*q + 120*p = 115*p - 24, 4*q + u*p = 0. Give f(q).
2
Let y(n) = -n + 7. Suppose 17*b + 11 - 11 = 0. Determine y(b).
7
Suppose 11*i - 2*d = 16*i - 35, 5*i - 30 = -d. Let j(s) = i*s**2 + 121*s - 2 - 120*s - 4*s**2. Give j(-3).
4
Let t = 639 + -319. Suppose -4*g = 300 - t. Let i(q) = q**2 - 3*q - 9. Calculate i(g).
1
Let d(x) = -x**3 - x**2 - 4. Suppose 3*u + 102 = -4*w, 2*w + 5*u = -0*u - 58. Let m(a) = a + 24. Let o be m(w). Give d(o).
-4
Let x be (-15)/(-2)*(9 + 74/(-10)). Let p be 2 + -1*x/6. Let w(a) = -15 - 3*a + p + 4*a + 0*a. Calculate w(8).
-7
Let z(b) = b - 6. Let d(g) = 10 - 4*g**2 + 8 - g**3 + 3*g + 4*g + 3. Let p be d(-5). Give z(p).
5
Let v be 2/3 + (-1464)/(-72). Let c(h) = -29*h**2 + 25*h - v*h - 1 + 30*h**2. Give c(-5).
4
Let p(j) = 2*j**3 + 26*j**2 + 24*j - 18. Suppose 3*v + 5*g = -21, -183*v - 3*g = -184*v - 21. Calculate p(v).
-18
Let n(j) = -7*j**2 + 8*j + 27. Suppose 31*f + 1 = -185. Let k(p) = 6*p**2 - 9*p - 24. Let y(a) = f*k(a) - 5*n(a). Calculate y(14).
9
Let s(v) = -4*v**3 - 4*v**2 - 3*v**2 - 1 + v + 6*v**2 + 3. Let h = 77389 - 77390. What is s(h)?
4
Suppose -2*m = 2*s + 10, 2*s + 0*s = 3*m + 20. Let a(k) = -18 + 26 + 2*k - 9 + k**2. Let g(r) = 2*r**2 + 3*r - 2. Let t(i) = m*g(i) + 11*a(i). Calculate t(3).
4
Let i(h) = -9*h**2 + 5*h + 3. Let w = 6030 - 6026. Determine i(w).
-121
Let i(m) = -10*m + 691. Let g be i(69). Let t(j) = 9*j**3 - 3*j**2 + 2*j - 1. Determine t(g).
7
Let x(z) = 3*z - 1. Let k(r) = 2*r - 1. Let p(s) = s**3 - 5*s**2 + 2*s - 2. Let g be p(5). Let a(f) = g*k(f) - 5*x(f). Let c = -3891 - -3887. What is a(c)?
-7
Let g(t) = t**3 - 76*t**2 - 8. Let o be -1 - ((8 - -20)/(-14) + -75). Give g(o).
-8
Let u be ((-122)/(-24) - 5) + -2*92/(-96). Let d(q) be the second derivative of u*q**2 - 1/12*q**4 + 1/6*q**3 - 30*q + 0. Give d(3).
-2
Let i be -1 + 11 - (50 + -31 + -22). Let j(x) = -x**2 + 7*x + 79. Calculate j(i).
1
Suppose 5*w - 973*n = -972*n - 101, 5*n - 109 = 7*w. Let f(s) = -2*s**3 - 44*s**2 + 2*s + 28. What is f(w)?
-16
Let x(w) = -16 - 13*w + 17*w**2 + 16 + w**3 + 58*w - 9 - 29*w. Calculate x(-16).
-9
Let n(u) = 9*u**3 + 12*u**2 - 22*u - 1. Let d(q) = 8*q**3 + 11*q**2 - 21*q - 2. Let y(r) = 8*d(r) - 7*n(r). Calculate y(-6).
3
Let o(a) = -9*a + 14. Let l(w) be the second derivative of -23*w**3/6 + 29*w**2/2 - 61*w + 1. Let i(r) = -2*l(r) + 5*o(r). Give i(-11).
1
Suppose 8*w = -r + 22, w - 2*r = -4*r + 14. Let c(m) = -2*m**3 - m + 3. Give c(w).
-15
Let m(g) be the second derivative of -g**3/6 - 4*g**2 + 4*g - 66. Let x be -3*((-5)/(-3) - 0). Let w(t) = -2*t - 17. Let v(k) = x*m(k) + 3*w(k). Calculate v(0).
-11
Let h(g) = g**3 - g**2 + 2*g + 10. Let j(y) = -3*y**3 + 3*y**2 - 5*y - 24. Let x(f) = -10*h(f) - 4*j(f). Determine x(2).
4
Let s(r) = -r**3 + 6*r**2 - 11*r + 12. Suppose -154*o + 136 + 58 + 268 = 0. Calculate s(o).
6
Let k(d) be the second derivative of -13*d**4/6 + d**3/3 + 3*d**2/2 - 30*d - 2. What is k(-1)?
-25
Let g be (-13)/(-3) + (-2)/6. Let n(m) = -19*m - 1 + 7*m + 4 + 22*m + m - 9. What is n(g)?
38
Let z = 24 + -22. Suppose 20 = z*k + 2*k - 4*m, -2*k - m + 25 = 0. Let l(a) be the second derivative of a**5/20 - 5*a**4/6 + 7*a**2/2 + 555*a. Give l(k).
7
Let x = 160 - 294. Let v = -138 - x. Let i be 3/((-6)/v) + (3 - 7). Let z(y) = -13*y - 2. What is z(i)?
24
Suppose 4*m + j + 0 + 25 = 0, -3*m - 21 = 3*j. Let w be (-2 - 0)/(-1 - 28/(-36)). Let p(a) = -3*a + a**3 - 5369 + w*a + 5365 + 7*a**2. Give p(m).
-4
Let o(c) = 0*c + 86 + 10*c + 125 - 203 - 2*c. What is o(19)?
160
Let o(r) = 13*r**2 + 10*r - 5. Let d(f) = -29*f**2 - 20*f + 8. Let q(p) = 4*d(p) + 9*o(p). What is q(-13)?
26
Let g = 131 + -106. Suppose -7*k + g = -3. Suppose 8 = k*t + 36. Let y(b) = b**2 + 7*b + 4. What is y(t)?
4
Let l(p) = p**3 - 45*p**2 + 58*p - 630. Let z be 